{"id":6563,"date":"2025-06-29T23:53:26","date_gmt":"2025-06-30T02:53:26","guid":{"rendered":"https:\/\/urupesnet.com.br\/site\/?page_id=6563"},"modified":"2025-06-30T16:08:04","modified_gmt":"2025-06-30T19:08:04","slug":"termos-e-condicoes-de-uso","status":"publish","type":"page","link":"https:\/\/urupesnet.com.br\/site\/termos-e-condicoes-de-uso\/","title":{"rendered":"Termos e Condi\u00e7\u00f5es de Uso"},"content":{"rendered":"\t\t<div data-elementor-type=\"wp-page\" data-elementor-id=\"6563\" class=\"elementor elementor-6563\">\n\t\t\t\t<div class=\"elementor-element elementor-element-19aa5bad e-flex e-con-boxed e-con e-parent \" data-id=\"19aa5bad\" data-element_type=\"container\">\t\t\t<div class=\"e-con-inner\">\r\n\t\t\t\t<div class=\"elementor-element elementor-element-809b118 elementor-widget elementor-widget-text-editor\" data-id=\"809b118\" data-element_type=\"widget\" data-widget_type=\"text-editor.default\">\n\t\t\t\t<div class=\"elementor-widget-container\">\n\t\t\t\t\t\t\t\t\t<h2 data-start=\"1686\" data-end=\"1718\"><strong data-start=\"1689\" data-end=\"1718\">Termos e Condi\u00e7\u00f5es de Uso<\/strong><\/h2><p data-start=\"1720\" data-end=\"1820\">Ao acessar ou contratar os servi\u00e7os da UrupesNet, voc\u00ea concorda com os seguintes termos e condi\u00e7\u00f5es:<\/p><h3 data-start=\"1822\" data-end=\"1849\">1. Aceita\u00e7\u00e3o dos Termos<\/h3><p data-start=\"1850\" data-end=\"1980\">O uso dos servi\u00e7os da UrupesNet implica na aceita\u00e7\u00e3o integral deste documento. Recomendamos a leitura atenta antes da contrata\u00e7\u00e3o.<\/p><h3 data-start=\"1982\" data-end=\"2007\">2. Servi\u00e7os Prestados<\/h3><p data-start=\"2008\" data-end=\"2227\">A UrupesNet oferece servi\u00e7os de conex\u00e3o \u00e0 internet e, eventualmente, servi\u00e7os de telefonia e TV por assinatura. Os detalhes t\u00e9cnicos e comerciais dos planos est\u00e3o dispon\u00edveis no site e no contrato assinado pelo cliente.<\/p><h3 data-start=\"2229\" data-end=\"2264\">3. Responsabilidades do Usu\u00e1rio<\/h3><p data-start=\"2265\" data-end=\"2291\">O cliente compromete-se a:<\/p><p data-start=\"2294\" data-end=\"2337\">Utilizar os servi\u00e7os de forma \u00e9tica e legal<\/p><p data-start=\"2340\" data-end=\"2369\">Proteger seus dados de acesso<\/p><p data-start=\"2372\" data-end=\"2395\">Pagar as faturas em dia<\/p><p data-start=\"2398\" data-end=\"2447\">Notificar a UrupesNet sobre qualquer uso indevido<\/p><h3 data-start=\"2449\" data-end=\"2480\">4. Suspens\u00e3o e Cancelamento<\/h3><p data-start=\"2481\" data-end=\"2601\">A UrupesNet poder\u00e1 suspender ou cancelar o servi\u00e7o em caso de inadimpl\u00eancia, viola\u00e7\u00e3o de termos ou uso indevido da rede.<\/p><h3 data-start=\"2603\" data-end=\"2631\">5. Altera\u00e7\u00f5es nos Termos<\/h3><p data-start=\"2632\" data-end=\"2747\">Estes termos poder\u00e3o ser atualizados a qualquer momento. As mudan\u00e7as entrar\u00e3o em vigor ap\u00f3s sua publica\u00e7\u00e3o no site.<\/p>\t\t\t\t\t\t\t\t<\/div>\n\t\t\t\t<\/div>\n\t\t\t\t\t<\/div>\r\n\t\t\t\t<\/div>\r\n\t\t\t\t<\/div>\n\t\t","protected":false},"excerpt":{"rendered":"<p>Termos e Condi\u00e7\u00f5es de Uso Ao acessar ou contratar os servi\u00e7os da UrupesNet, voc\u00ea concorda com os seguintes termos e condi\u00e7\u00f5es: 1. Aceita\u00e7\u00e3o dos Termos O uso dos servi\u00e7os da UrupesNet implica na aceita\u00e7\u00e3o integral deste documento. Recomendamos a leitura atenta antes da contrata\u00e7\u00e3o. 2. Servi\u00e7os Prestados A UrupesNet oferece servi\u00e7os de conex\u00e3o \u00e0 internet [&hellip;]<\/p>\n","protected":false},"author":1,"featured_media":0,"parent":0,"menu_order":0,"comment_status":"closed","ping_status":"closed","template":"","meta":{"footnotes":""},"class_list":["post-6563","page","type-page","status-publish","hentry"],"_links":{"self":[{"href":"https:\/\/urupesnet.com.br\/site\/wp-json\/wp\/v2\/pages\/6563","targetHints":{"allow":["GET"]}}],"collection":[{"href":"https:\/\/urupesnet.com.br\/site\/wp-json\/wp\/v2\/pages"}],"about":[{"href":"https:\/\/urupesnet.com.br\/site\/wp-json\/wp\/v2\/types\/page"}],"author":[{"embeddable":true,"href":"https:\/\/urupesnet.com.br\/site\/wp-json\/wp\/v2\/users\/1"}],"replies":[{"embeddable":true,"href":"https:\/\/urupesnet.com.br\/site\/wp-json\/wp\/v2\/comments?post=6563"}],"version-history":[{"count":7,"href":"https:\/\/urupesnet.com.br\/site\/wp-json\/wp\/v2\/pages\/6563\/revisions"}],"predecessor-version":[{"id":6945,"href":"https:\/\/urupesnet.com.br\/site\/wp-json\/wp\/v2\/pages\/6563\/revisions\/6945"}],"wp:attachment":[{"href":"https:\/\/urupesnet.com.br\/site\/wp-json\/wp\/v2\/media?parent=6563"}],"curies":[{"name":"wp","href":"https:\/\/api.w.org\/{rel}","templated":true}]}}