{"id":6521,"date":"2025-06-29T23:16:22","date_gmt":"2025-06-30T02:16:22","guid":{"rendered":"https:\/\/urupesnet.com.br\/site\/?page_id=6521"},"modified":"2025-08-01T14:54:26","modified_gmt":"2025-08-01T17:54:26","slug":"contratos","status":"publish","type":"page","link":"https:\/\/urupesnet.com.br\/site\/contratos\/","title":{"rendered":"Central de Contratos"},"content":{"rendered":"\t\t<div data-elementor-type=\"wp-page\" data-elementor-id=\"6521\" class=\"elementor elementor-6521\">\n\t\t\t\t        <section class=\"elementor-section elementor-top-section elementor-element elementor-element-8fd6b70 elementor-section-stretched elementor-section-boxed elementor-section-height-default elementor-section-height-default pxl-row-scroll-none pxl-bg-color-none pxl-section-overlay-none\" data-id=\"8fd6b70\" data-element_type=\"section\" data-settings=\"{&quot;stretch_section&quot;:&quot;section-stretched&quot;,&quot;background_background&quot;:&quot;classic&quot;}\">\n\n                \n                <div class=\"elementor-container elementor-column-gap-extended \">\n                <div class=\"elementor-column elementor-col-100 elementor-top-column elementor-element elementor-element-6278c5e pxl-column-none\" data-id=\"6278c5e\" data-element_type=\"column\">\r\n        <div class=\"elementor-widget-wrap elementor-element-populated\">\r\n                     \r\n        \t\t<div class=\"elementor-element elementor-element-4db69d9 elementor-widget elementor-widget-pxl_heading\" data-id=\"4db69d9\" data-element_type=\"widget\" data-widget_type=\"pxl_heading.default\">\n\t\t\t\t<div class=\"elementor-widget-container\">\n\t\t\t\t\t<div id=\"pxl-pxl_heading-4db69d9-4796\" class=\"pxl-heading px-sub-title-default-style\">\n\t<div class=\"pxl-heading--inner\">\n\t\t\n\t\t\t\t\t<div class=\"pxl-item--subtitle px-sub-title-default wow fadeIn\" data-wow-delay=\"100ms\">\n\t\t\t\t\t\t\t\t<span class=\"pxl-item--subtext\">\n\t\t\t\t\tCentral de Contratos\t\t\t\t<\/span>\n\t\t\t<\/div>\n\t\t\n\t\t<h3 class=\"pxl-item--title \" data-wow-delay=\"200ms\">\n\t\t\t\t\t\t\t\t<span class=\"pxl-item--text\">\n\t\t\t            <span class=\"pxl-text--slide\"><span class=\"wow letter\">Seus<\/span><\/span> <span class=\"pxl-text--slide\"><span class=\"wow letter\">contratos<\/span><\/span> <span class=\"pxl-text--slide\"><span class=\"wow letter\">com<\/span><\/span> <span class=\"pxl-text--slide\"><span class=\"wow letter\">facilidade<\/span><\/span> <span class=\"pxl-text--slide\"><span class=\"wow letter\">e<\/span><\/span> <span class=\"pxl-text--slide\"><span class=\"wow letter\">transpar\u00eancia<\/span><\/span>\t\t\t        <\/span>\n\t\t\t\t\t\t\n\t\t<\/h3>\n\n\t\t\n\t\t\n\t\t\t\t\n\t<\/div>\n<\/div>\t\t\t\t<\/div>\n\t\t\t\t<\/div>\n\t\t\t\t<div class=\"elementor-element elementor-element-bc4d18d elementor-invisible elementor-widget elementor-widget-pxl_text_editor\" data-id=\"bc4d18d\" data-element_type=\"widget\" data-settings=\"{&quot;_animation&quot;:&quot;fadeIn&quot;}\" data-widget_type=\"pxl_text_editor.default\">\n\t\t\t\t<div class=\"elementor-widget-container\">\n\t\t\t\t\t<div class=\"pxl-text-editor\">\n\t<div class=\"pxl-item--inner \" data-wow-delay=\"ms\">\n\t\t<p>Na Urup\u00easNet, acreditamos que confian\u00e7a se constr\u00f3i com clareza e respeito. Por isso, disponibilizamos um espa\u00e7o exclusivo para que voc\u00ea tenha acesso aos seus contratos e demais informa\u00e7\u00f5es de forma totalmente transparente.<\/p><p>Estamos sempre prontos para atender com responsabilidade e oferecer a melhor experi\u00eancia, do in\u00edcio ao fim do seu contrato.<\/p>\t\t\n\t<\/div>\n<\/div>\t\t\t\t<\/div>\n\t\t\t\t<\/div>\n\t\t            <\/div>\r\n        <\/div>\r\n        \t\t\t<\/div>\n\t\t<\/section>\n\t\t        <section class=\"elementor-section elementor-top-section elementor-element elementor-element-d2d496d elementor-section-stretched service-icon elementor-section-boxed elementor-section-height-default elementor-section-height-default pxl-row-scroll-none pxl-bg-color-none pxl-section-overlay-none\" data-id=\"d2d496d\" data-element_type=\"section\" data-settings=\"{&quot;stretch_section&quot;:&quot;section-stretched&quot;}\">\n\n                \n                <div class=\"elementor-container elementor-column-gap-extended \">\n                <div class=\"elementor-column elementor-col-100 elementor-top-column elementor-element elementor-element-72ab780 pxl-column-none\" data-id=\"72ab780\" data-element_type=\"column\">\r\n        <div class=\"elementor-widget-wrap elementor-element-populated\">\r\n                     \r\n        \t\t<div class=\"elementor-element elementor-element-b9c86f1 elementor-invisible elementor-widget elementor-widget-pxl_meta\" data-id=\"b9c86f1\" data-element_type=\"widget\" data-settings=\"{&quot;_animation&quot;:&quot;fadeIn&quot;}\" data-widget_type=\"pxl_meta.default\">\n\t\t\t\t<div class=\"elementor-widget-container\">\n\t\t\t\t\t<div class=\"pxl-meta pxl-meta2\">\r\n\t<div class=\"pxl-meta-inner \" data-wow-delay=\"ms\">\r\n\t\t<div class=\"pxl-meta-content\">\r\n\t\t\t<div class=\"content-inner\">\r\n\t\t\t\t<div class=\"pxl-item-title\">\r\n\t\t\t\t\t<i class=\"far fa-chevron-double-right\"><\/i>\r\n\t\t\t\t\t<h5 class=\"title\">Contrato de Presta\u00e7\u00e3o de Servi\u00e7o de Comunica\u00e7\u00e3o Multim\u00eddia \u2013 SCM<\/h5>\r\n\t\t\t\t<\/div>\r\n\t\t\t\t<div class=\"sub-title\">\r\n\t\t\t\t\tEste contrato regula a presta\u00e7\u00e3o do servi\u00e7o de internet e comunica\u00e7\u00e3o multim\u00eddia, detalhando direitos, deveres e condi\u00e7\u00f5es para o uso da conex\u00e3o.\t\t\t\t<\/div>\r\n\t\t\t<\/div>\r\n\t\t<\/div>\r\n\t<\/div>\r\n<\/div>\t\t\t\t<\/div>\n\t\t\t\t<\/div>\n\t\t\t\t<div class=\"elementor-element elementor-element-89b665e elementor-invisible elementor-widget elementor-widget-pxl_button\" data-id=\"89b665e\" data-element_type=\"widget\" data-settings=\"{&quot;_animation&quot;:&quot;fadeIn&quot;}\" data-widget_type=\"pxl_button.default\">\n\t\t\t\t<div class=\"elementor-widget-container\">\n\t\t\t\t\t<div id=\"pxl-pxl_button-89b665e-6067\" class=\"pxl-button \" data-wow-delay=\"ms\">\r\n    <a href=\"https:\/\/urupesnet.com.br\/site\/wp-content\/uploads\/2025\/08\/CONTRATO-CARTORIO-URUPESNET.pdf\" target=\"_blank\" class=\"btn pxl-icon-active btn-nina  pxl-icon--right\" data-wow-delay=\"ms\">\r\n        \r\n        <i aria-hidden=\"true\" class=\"far fa-plus\"><\/i>        \r\n        <span class=\"pxl--btn-text\" data-text=\"Ver Contrato\">\r\n            <span>V<\/span><span>e<\/span><span>r<\/span><span class=\"spacer\">&nbsp;<\/span><span>C<\/span><span>o<\/span><span>n<\/span><span>t<\/span><span>r<\/span><span>a<\/span><span>t<\/span><span>o<\/span>        <\/span>\r\n        \r\n         \r\n\r\n    <\/a>\r\n<\/div>\t\t\t\t<\/div>\n\t\t\t\t<\/div>\n\t\t            <\/div>\r\n        <\/div>\r\n        \t\t\t<\/div>\n\t\t<\/section>\n\t\t\t\t<\/div>\n\t\t","protected":false},"excerpt":{"rendered":"<p>Central de Contratos Seus contratos com facilidade e transpar\u00eancia Na Urup\u00easNet, acreditamos que confian\u00e7a se constr\u00f3i com clareza e respeito. Por isso, disponibilizamos um espa\u00e7o exclusivo para que voc\u00ea tenha acesso aos seus contratos e demais informa\u00e7\u00f5es de forma totalmente transparente. Estamos sempre prontos para atender com responsabilidade e oferecer a melhor experi\u00eancia, do in\u00edcio [&hellip;]<\/p>\n","protected":false},"author":1,"featured_media":0,"parent":0,"menu_order":0,"comment_status":"closed","ping_status":"closed","template":"","meta":{"footnotes":""},"class_list":["post-6521","page","type-page","status-publish","hentry"],"_links":{"self":[{"href":"https:\/\/urupesnet.com.br\/site\/wp-json\/wp\/v2\/pages\/6521","targetHints":{"allow":["GET"]}}],"collection":[{"href":"https:\/\/urupesnet.com.br\/site\/wp-json\/wp\/v2\/pages"}],"about":[{"href":"https:\/\/urupesnet.com.br\/site\/wp-json\/wp\/v2\/types\/page"}],"author":[{"embeddable":true,"href":"https:\/\/urupesnet.com.br\/site\/wp-json\/wp\/v2\/users\/1"}],"replies":[{"embeddable":true,"href":"https:\/\/urupesnet.com.br\/site\/wp-json\/wp\/v2\/comments?post=6521"}],"version-history":[{"count":28,"href":"https:\/\/urupesnet.com.br\/site\/wp-json\/wp\/v2\/pages\/6521\/revisions"}],"predecessor-version":[{"id":7111,"href":"https:\/\/urupesnet.com.br\/site\/wp-json\/wp\/v2\/pages\/6521\/revisions\/7111"}],"wp:attachment":[{"href":"https:\/\/urupesnet.com.br\/site\/wp-json\/wp\/v2\/media?parent=6521"}],"curies":[{"name":"wp","href":"https:\/\/api.w.org\/{rel}","templated":true}]}}